{"id":10870,"date":"2026-03-16T11:10:17","date_gmt":"2026-03-16T11:10:17","guid":{"rendered":"https:\/\/vendorshop.rs\/?post_type=product&#038;p=10870"},"modified":"2026-03-16T11:10:17","modified_gmt":"2026-03-16T11:10:17","slug":"kuhinjski-set-nozeva","status":"publish","type":"product","link":"https:\/\/vendorshop.rs\/index.php\/product\/kuhinjski-set-nozeva\/","title":{"rendered":"Kuhinjski set no\u017eeva od 6 delova \u2013 Ner\u0111aju\u0107i \u010delik za precizno i lako se\u010denje"},"content":{"rendered":"<p data-start=\"211\" data-end=\"542\"><strong data-start=\"211\" data-end=\"323\">Ukoliko u\u017eiva\u0161 u kulinarskim \u010darolijama, zna\u0161 da se za najbolji ru\u010dak uvek dodaje i tajni sastojak \u2013 ljubav!<\/strong><br data-start=\"323\" data-end=\"326\" \/>A sada, uz pravi alat, priprema omiljenih jela mo\u017ee biti jo\u0161 jednostavnija i br\u017ea. Bilo da se\u010de\u0161 meso, priprema\u0161 salatu ili pravi\u0161 gurmanske specijalitete \u2013 ovaj set kuhinjskih no\u017eeva od 6 delova je sve \u0161to ti treba!<\/p>\n<p data-start=\"544\" data-end=\"792\"><strong data-start=\"544\" data-end=\"579\">Kuhinjski set no\u017eeva (6 komada)<\/strong> izra\u0111en je od visokokvalitetnog ner\u0111aju\u0107eg \u010delika, sa o\u0161trim se\u010divima koja omogu\u0107avaju lako i precizno se\u010denje. Ergonomski dizajnirane dr\u0161ke pru\u017eaju siguran i udoban hvat, \u010dine\u0107i svaku pripremu hrane prijatnijom.<\/p>\n<p data-start=\"794\" data-end=\"982\">Bez obzira da li kuva\u0161 za sebe ili za celu porodicu, ovaj set je idealan saveznik u kuhinji. Ne mora\u0161 vi\u0161e da tra\u017ei\u0161 savr\u0161en alat \u2013 sve \u0161to ti je potrebno nalazi se u ovom jednom kompletu.<\/p>\n<p data-start=\"989\" data-end=\"1127\"><strong data-start=\"989\" data-end=\"1006\">Sadr\u017eaj seta:<\/strong><br data-start=\"1006\" data-end=\"1009\" \/>\ud83d\udd2a Veliki kuhinjski no\u017e<br data-start=\"1032\" data-end=\"1035\" \/>\ud83d\udd2a Srednji kuhinjski no\u017e<br data-start=\"1059\" data-end=\"1062\" \/>\ud83d\udd2a Satarica<br data-start=\"1073\" data-end=\"1076\" \/>\ud83d\udd2a Mali no\u017e<br data-start=\"1087\" data-end=\"1090\" \/>\u2702\ufe0f Makaze<br data-start=\"1099\" data-end=\"1102\" \/>\ud83e\uddc5 Lju\u0161tilica\/seckalica<\/p>\n<p data-start=\"1134\" data-end=\"1331\"><strong data-start=\"1134\" data-end=\"1154\">Za\u0161to ga volimo:<\/strong><br data-start=\"1154\" data-end=\"1157\" \/>\u2714\ufe0f O\u0161tra i izdr\u017eljiva se\u010diva<br data-start=\"1185\" data-end=\"1188\" \/>\u2714\ufe0f Kvalitetan ner\u0111aju\u0107i \u010delik<br data-start=\"1217\" data-end=\"1220\" \/>\u2714\ufe0f Ergonomski dizajn dr\u0161ki<br data-start=\"1246\" data-end=\"1249\" \/>\u2714\ufe0f Prakti\u010dan komplet za sve vrste pripreme hrane<br data-start=\"1297\" data-end=\"1300\" \/>\u2714\ufe0f Neophodan u svakoj kuhinji<\/p>\n<p data-start=\"1338\" data-end=\"1443\">Olak\u0161aj sebi svakodnevno kuvanje \u2013 uz ovaj set, u\u017eiva\u0107e\u0161 u pripremi hrane kao pravi profesionalac! \ud83e\uddd1\u200d\ud83c\udf73\u2728<\/p>\n","protected":false},"excerpt":{"rendered":"<p>Prakti\u010dan kuhinjski set no\u017eeva od 6 delova sa o\u0161trim no\u017eevima od ner\u0111aju\u0107eg \u010delika, idealan za svakodnevnu pripremu hrane. U kompletu se nalaze razli\u010diti no\u017eevi, makaze i lju\u0161tilica \u2013 sve \u0161to vam je potrebno u jednoj kutiji!<\/p>\n","protected":false},"featured_media":10877,"comment_status":"open","ping_status":"closed","template":"","meta":[],"product_brand":[],"product_cat":[71],"product_tag":[],"class_list":{"0":"post-10870","1":"product","2":"type-product","3":"status-publish","4":"has-post-thumbnail","6":"product_cat-sve-za-kucu","8":"first","9":"instock","10":"shipping-taxable","11":"purchasable","12":"product-type-simple"},"_links":{"self":[{"href":"https:\/\/vendorshop.rs\/index.php\/wp-json\/wp\/v2\/product\/10870","targetHints":{"allow":["GET"]}}],"collection":[{"href":"https:\/\/vendorshop.rs\/index.php\/wp-json\/wp\/v2\/product"}],"about":[{"href":"https:\/\/vendorshop.rs\/index.php\/wp-json\/wp\/v2\/types\/product"}],"replies":[{"embeddable":true,"href":"https:\/\/vendorshop.rs\/index.php\/wp-json\/wp\/v2\/comments?post=10870"}],"version-history":[{"count":1,"href":"https:\/\/vendorshop.rs\/index.php\/wp-json\/wp\/v2\/product\/10870\/revisions"}],"predecessor-version":[{"id":10878,"href":"https:\/\/vendorshop.rs\/index.php\/wp-json\/wp\/v2\/product\/10870\/revisions\/10878"}],"wp:featuredmedia":[{"embeddable":true,"href":"https:\/\/vendorshop.rs\/index.php\/wp-json\/wp\/v2\/media\/10877"}],"wp:attachment":[{"href":"https:\/\/vendorshop.rs\/index.php\/wp-json\/wp\/v2\/media?parent=10870"}],"wp:term":[{"taxonomy":"product_brand","embeddable":true,"href":"https:\/\/vendorshop.rs\/index.php\/wp-json\/wp\/v2\/product_brand?post=10870"},{"taxonomy":"product_cat","embeddable":true,"href":"https:\/\/vendorshop.rs\/index.php\/wp-json\/wp\/v2\/product_cat?post=10870"},{"taxonomy":"product_tag","embeddable":true,"href":"https:\/\/vendorshop.rs\/index.php\/wp-json\/wp\/v2\/product_tag?post=10870"}],"curies":[{"name":"wp","href":"https:\/\/api.w.org\/{rel}","templated":true}]}}