{"id":12034,"date":"2026-04-09T07:53:07","date_gmt":"2026-04-09T07:53:07","guid":{"rendered":"https:\/\/vendorshop.rs\/?post_type=product&#038;p=12034"},"modified":"2026-04-09T07:53:07","modified_gmt":"2026-04-09T07:53:07","slug":"silikonska-posuda-za-air-fryer","status":"publish","type":"product","link":"https:\/\/vendorshop.rs\/index.php\/product\/silikonska-posuda-za-air-fryer\/","title":{"rendered":"Silikonska posuda za air fryer \u2013 otporna na toplotu, nelomiva, sa ru\u010dkom"},"content":{"rendered":"<h3 data-start=\"656\" data-end=\"734\"><strong data-start=\"660\" data-end=\"734\">Univerzalna silikonska posuda za air fryer \u2013 za zdravije i lak\u0161e kuvanje<\/strong><\/h3>\n<p data-start=\"736\" data-end=\"963\">Ova posuda za air fryer je savr\u0161en dodatak za sve koji koriste fritezu na vru\u0107 vazduh, rernu ili mikrotalasnu pe\u0107nicu. Zahvaljuju\u0107i svom <strong data-start=\"860\" data-end=\"899\">neljepljivom i fleksibilnom dizajnu<\/strong>, omogu\u0107ava brzo, zdravo i jednostavno kuvanje bez dodatka ulja.<\/p>\n<h3 data-start=\"965\" data-end=\"996\"><strong data-start=\"969\" data-end=\"996\">Klju\u010dne karakteristike:<\/strong><\/h3>\n<ul data-start=\"998\" data-end=\"1499\">\n<li data-start=\"998\" data-end=\"1072\">\n<p data-start=\"1000\" data-end=\"1072\"><strong data-start=\"1000\" data-end=\"1014\">Materijal:<\/strong> 100% silikon bezbedan za kontakt sa hranom (food grade)<\/p>\n<\/li>\n<li data-start=\"1073\" data-end=\"1143\">\n<p data-start=\"1075\" data-end=\"1143\"><strong data-start=\"1075\" data-end=\"1100\">Otpornost na toplotu:<\/strong> Idealan za temperature u fritezi i rerni<\/p>\n<\/li>\n<li data-start=\"1144\" data-end=\"1227\">\n<p data-start=\"1146\" data-end=\"1227\"><strong data-start=\"1146\" data-end=\"1167\">Dizajn sa ru\u010dkom:<\/strong> Omogu\u0107ava lako va\u0111enje iz friteze ili rerne bez opekotina<\/p>\n<\/li>\n<li data-start=\"1228\" data-end=\"1318\">\n<p data-start=\"1230\" data-end=\"1318\"><strong data-start=\"1230\" data-end=\"1251\">Ripstop povr\u0161ina:<\/strong> Smanjuje rizik od lepljenja hrane i omogu\u0107ava ravnomerno pe\u010denje<\/p>\n<\/li>\n<li data-start=\"1319\" data-end=\"1406\">\n<p data-start=\"1321\" data-end=\"1406\"><strong data-start=\"1321\" data-end=\"1330\">Boje:<\/strong> Svetloplava, zelena, roze, bela \u2013 uklapaju se u svaki kuhinjski enterijer<\/p>\n<\/li>\n<li data-start=\"1407\" data-end=\"1499\">\n<p data-start=\"1409\" data-end=\"1425\"><strong data-start=\"1409\" data-end=\"1423\">Dimenzije:<\/strong><\/p>\n<ul data-start=\"1428\" data-end=\"1499\">\n<li data-start=\"1428\" data-end=\"1452\">\n<p data-start=\"1430\" data-end=\"1452\">Donji pre\u010dnik: 18 cm<\/p>\n<\/li>\n<li data-start=\"1455\" data-end=\"1480\">\n<p data-start=\"1457\" data-end=\"1480\">Gornji pre\u010dnik: 20 cm<\/p>\n<\/li>\n<li data-start=\"1483\" data-end=\"1499\">\n<p data-start=\"1485\" data-end=\"1499\">Dubina: 4,5 cm<\/p>\n<\/li>\n<\/ul>\n<\/li>\n<\/ul>\n<h3 data-start=\"1501\" data-end=\"1533\"><strong data-start=\"1505\" data-end=\"1533\">Pogodna za razne ure\u0111aje<\/strong><\/h3>\n<p data-start=\"1535\" data-end=\"1582\">Ova <strong data-start=\"1539\" data-end=\"1561\">silikonska tepsija<\/strong> mo\u017ee se koristiti u:<\/p>\n<ul data-start=\"1584\" data-end=\"1747\">\n<li data-start=\"1584\" data-end=\"1624\">\n<p data-start=\"1586\" data-end=\"1624\">Fritezama na vru\u0107 vazduh (air fryer)<\/p>\n<\/li>\n<li data-start=\"1625\" data-end=\"1663\">\n<p data-start=\"1627\" data-end=\"1663\">Klasi\u010dnim i ventilatorskim rernama<\/p>\n<\/li>\n<li data-start=\"1664\" data-end=\"1691\">\n<p data-start=\"1666\" data-end=\"1691\">Mikrotalasnim pe\u0107nicama<\/p>\n<\/li>\n<li data-start=\"1692\" data-end=\"1747\">\n<p data-start=\"1694\" data-end=\"1747\">Zamrziva\u010dima (za pripremu unapred spremljenih obroka)<\/p>\n<\/li>\n<\/ul>\n<h3 data-start=\"1749\" data-end=\"1788\"><strong data-start=\"1753\" data-end=\"1788\">Vi\u0161ekratna i laka za odr\u017eavanje<\/strong><\/h3>\n<p data-start=\"1790\" data-end=\"1989\">Zaboravite na jednokratne papire i aluminijumske kalupe \u2013 ova silikonska posuda je <strong data-start=\"1873\" data-end=\"1916\">periva i pogodna za vi\u0161ekratnu upotrebu<\/strong>. Mo\u017eete je prati ru\u010dno ili u ma\u0161ini za sudove, bez bojazni od o\u0161te\u0107enja.<\/p>\n<h3 data-start=\"1991\" data-end=\"2030\"><strong data-start=\"1995\" data-end=\"2030\">Ekolo\u0161ka i bezbedna alternativa<\/strong><\/h3>\n<p data-start=\"2032\" data-end=\"2171\">Bezbedna za zdravlje, ne sadr\u017ei BPA ni druge \u0161tetne hemikalije. Pripremajte hranu za sebe i svoje najmilije bez brige o \u0161tetnim materijama.<\/p>\n<h3 data-start=\"2173\" data-end=\"2192\"><strong data-start=\"2177\" data-end=\"2192\">Idealna za:<\/strong><\/h3>\n<ul data-start=\"2194\" data-end=\"2350\">\n<li data-start=\"2194\" data-end=\"2228\">\n<p data-start=\"2196\" data-end=\"2228\">Pe\u010denje krompira, mesa, povr\u0107a<\/p>\n<\/li>\n<li data-start=\"2229\" data-end=\"2262\">\n<p data-start=\"2231\" data-end=\"2262\">Pripremu kola\u010da, pita, mafina<\/p>\n<\/li>\n<li data-start=\"2263\" data-end=\"2309\">\n<p data-start=\"2265\" data-end=\"2309\">Zape\u010dene obroke \u2013 musaka, lazanju i sli\u010dno<\/p>\n<\/li>\n<li data-start=\"2310\" data-end=\"2350\">\n<p data-start=\"2312\" data-end=\"2350\">Zamrzavanje i podgrevanje gotovih jela<\/p>\n<\/li>\n<\/ul>\n","protected":false},"excerpt":{"rendered":"<p>Ova vi\u0161enamenska posuda za air fryer je idealna za svakodnevnu upotrebu u kuhinji. Napravljena od <strong data-start=\"431\" data-end=\"483\">sigurnog, nelomivog i toplotno otpornog silikona<\/strong>, pru\u017ea jednostavno i \u010disto kuvanje bez dodatnog nereda. Pogodna za friteze, rerne i mikrotalasne pe\u0107nice, uz ru\u010dku za lako rukovanje.<\/p>\n","protected":false},"featured_media":12040,"comment_status":"open","ping_status":"closed","template":"","meta":[],"product_brand":[],"product_cat":[71],"product_tag":[],"class_list":{"0":"post-12034","1":"product","2":"type-product","3":"status-publish","4":"has-post-thumbnail","6":"product_cat-sve-za-kucu","8":"first","9":"instock","10":"shipping-taxable","11":"purchasable","12":"product-type-simple"},"_links":{"self":[{"href":"https:\/\/vendorshop.rs\/index.php\/wp-json\/wp\/v2\/product\/12034","targetHints":{"allow":["GET"]}}],"collection":[{"href":"https:\/\/vendorshop.rs\/index.php\/wp-json\/wp\/v2\/product"}],"about":[{"href":"https:\/\/vendorshop.rs\/index.php\/wp-json\/wp\/v2\/types\/product"}],"replies":[{"embeddable":true,"href":"https:\/\/vendorshop.rs\/index.php\/wp-json\/wp\/v2\/comments?post=12034"}],"version-history":[{"count":1,"href":"https:\/\/vendorshop.rs\/index.php\/wp-json\/wp\/v2\/product\/12034\/revisions"}],"predecessor-version":[{"id":12041,"href":"https:\/\/vendorshop.rs\/index.php\/wp-json\/wp\/v2\/product\/12034\/revisions\/12041"}],"wp:featuredmedia":[{"embeddable":true,"href":"https:\/\/vendorshop.rs\/index.php\/wp-json\/wp\/v2\/media\/12040"}],"wp:attachment":[{"href":"https:\/\/vendorshop.rs\/index.php\/wp-json\/wp\/v2\/media?parent=12034"}],"wp:term":[{"taxonomy":"product_brand","embeddable":true,"href":"https:\/\/vendorshop.rs\/index.php\/wp-json\/wp\/v2\/product_brand?post=12034"},{"taxonomy":"product_cat","embeddable":true,"href":"https:\/\/vendorshop.rs\/index.php\/wp-json\/wp\/v2\/product_cat?post=12034"},{"taxonomy":"product_tag","embeddable":true,"href":"https:\/\/vendorshop.rs\/index.php\/wp-json\/wp\/v2\/product_tag?post=12034"}],"curies":[{"name":"wp","href":"https:\/\/api.w.org\/{rel}","templated":true}]}}