{"id":12042,"date":"2026-04-09T07:56:24","date_gmt":"2026-04-09T07:56:24","guid":{"rendered":"https:\/\/vendorshop.rs\/?post_type=product&#038;p=12042"},"modified":"2026-04-09T07:56:24","modified_gmt":"2026-04-09T07:56:24","slug":"air-fryer-velika-friteza-bez-ulja","status":"publish","type":"product","link":"https:\/\/vendorshop.rs\/index.php\/product\/air-fryer-velika-friteza-bez-ulja\/","title":{"rendered":"Air Fryer 15L \u2013 Velika digitalna friteza bez ulja sa ekranom osetljivim na dodir"},"content":{"rendered":"<h3 data-start=\"915\" data-end=\"994\"><strong data-start=\"919\" data-end=\"994\">Digitalna friteza bez ulja Air Fryer 15L \u2013 sve \u0161to vam treba u jednoj kuhinji<\/strong><\/h3>\n<p data-start=\"996\" data-end=\"1218\">Ova <strong data-start=\"1000\" data-end=\"1040\">velika vi\u0161enamenska friteza bez ulja Air Fryer<\/strong> kapaciteta 15 litara osmi\u0161ljena je za moderno i zdravo kuvanje bez potrebe za dodavanjem ulja. Idealna za velike porodice, omogu\u0107ava pripremu hrane za 5\u20136 osoba u jednom potezu.<\/p>\n<p data-start=\"1220\" data-end=\"1376\">Zahvaljuju\u0107i naprednom dizajnu i <strong data-start=\"1253\" data-end=\"1280\">360\u00b0 kru\u017enom zagrevanju<\/strong>, svi sastojci se ravnomerno kuvaju, peku, griluju ili su\u0161e bez okretanja i bez dodavanja masti.<\/p>\n<h3 data-start=\"1383\" data-end=\"1427\"><strong data-start=\"1387\" data-end=\"1427\">Klju\u010dne karakteristike Air Fryer-a<\/strong><\/h3>\n<ul data-start=\"1429\" data-end=\"2019\">\n<li data-start=\"1429\" data-end=\"1503\">\n<p data-start=\"1431\" data-end=\"1503\"><strong data-start=\"1431\" data-end=\"1445\">Kapacitet:<\/strong> 15 litara (realna zapremina 11L, pogodna za do 6 osoba)<\/p>\n<\/li>\n<li data-start=\"1504\" data-end=\"1581\">\n<p data-start=\"1506\" data-end=\"1581\"><strong data-start=\"1506\" data-end=\"1526\">Funkcionalnosti:<\/strong> Friteza, rerna, ro\u0161tilj, su\u0161ilica za vo\u0107e, defroster<\/p>\n<\/li>\n<li data-start=\"1582\" data-end=\"1667\">\n<p data-start=\"1584\" data-end=\"1667\"><strong data-start=\"1584\" data-end=\"1603\">Na\u010din grejanja:<\/strong> Profesionalna grejna cev + 360\u00b0 3D cirkulacija vru\u0107eg vazduha<\/p>\n<\/li>\n<li data-start=\"1668\" data-end=\"1754\">\n<p data-start=\"1670\" data-end=\"1754\"><strong data-start=\"1670\" data-end=\"1680\">Ekran:<\/strong> Digitalni ekran osetljiv na dodir sa pode\u0161avanjem vremena i temperature<\/p>\n<\/li>\n<li data-start=\"1755\" data-end=\"1842\">\n<p data-start=\"1757\" data-end=\"1842\"><strong data-start=\"1757\" data-end=\"1778\">Prozor za nadzor:<\/strong> Stakleni prozor za lako pra\u0107enje pripreme hrane bez otvaranja<\/p>\n<\/li>\n<li data-start=\"1843\" data-end=\"1938\">\n<p data-start=\"1845\" data-end=\"1938\"><strong data-start=\"1845\" data-end=\"1876\">Ergonomska ru\u010dka i ku\u0107i\u0161te:<\/strong> Sigurno, toplotno izolovano, sa sistemom protiv pregrevanja<\/p>\n<\/li>\n<li data-start=\"1939\" data-end=\"2019\">\n<p data-start=\"1941\" data-end=\"2019\"><strong data-start=\"1941\" data-end=\"1972\">Zdrav na\u010din pripreme hrane:<\/strong> Bez ulja, sa smanjenim unosom masti i kalorija<\/p>\n<\/li>\n<\/ul>\n<h3 data-start=\"2026\" data-end=\"2093\"><strong data-start=\"2030\" data-end=\"2093\">Vi\u0161enamenska primena \u2013 jedan ure\u0111aj, bezbroj mogu\u0107nosti<\/strong><\/h3>\n<p data-start=\"2095\" data-end=\"2156\">Zahvaljuju\u0107i svom dizajnu, ova friteza menja slede\u0107e ure\u0111aje:<\/p>\n<ul data-start=\"2158\" data-end=\"2571\">\n<li data-start=\"2158\" data-end=\"2230\">\n<p data-start=\"2160\" data-end=\"2230\"><strong data-start=\"2160\" data-end=\"2182\">Ro\u0161tilj (barbecue)<\/strong> \u2013 idealan za pripremu mesa, kobasica i povr\u0107a<\/p>\n<\/li>\n<li data-start=\"2231\" data-end=\"2290\">\n<p data-start=\"2233\" data-end=\"2290\"><strong data-start=\"2233\" data-end=\"2242\">Rerna<\/strong> \u2013 pogodna za pe\u010denje mesa, ribe, kola\u010da, pita<\/p>\n<\/li>\n<li data-start=\"2291\" data-end=\"2371\">\n<p data-start=\"2293\" data-end=\"2371\"><strong data-start=\"2293\" data-end=\"2313\">Su\u0161ilica za vo\u0107e<\/strong> \u2013 priprema zdravih grickalica od jabuka, banana i drugo<\/p>\n<\/li>\n<li data-start=\"2372\" data-end=\"2452\">\n<p data-start=\"2374\" data-end=\"2452\"><strong data-start=\"2374\" data-end=\"2393\">Toster i ra\u017eanj<\/strong> \u2013 za ravnomerno pe\u010denje celih pili\u0107a i ve\u0107ih komada mesa<\/p>\n<\/li>\n<li data-start=\"2453\" data-end=\"2523\">\n<p data-start=\"2455\" data-end=\"2523\"><strong data-start=\"2455\" data-end=\"2468\">Defroster<\/strong> \u2013 brzo odmrzavanje hrane bez kori\u0161\u0107enja mikrotalasne<\/p>\n<\/li>\n<li data-start=\"2524\" data-end=\"2571\">\n<p data-start=\"2526\" data-end=\"2571\"><strong data-start=\"2526\" data-end=\"2546\">Klasi\u010dna friteza<\/strong> \u2013 ali bez kapljice ulja!<\/p>\n<\/li>\n<\/ul>\n<h3 data-start=\"2578\" data-end=\"2616\"><strong data-start=\"2582\" data-end=\"2616\">Pametno i efikasno kuvanje<\/strong><\/h3>\n<ul data-start=\"2618\" data-end=\"3028\">\n<li data-start=\"2618\" data-end=\"2733\">\n<p data-start=\"2620\" data-end=\"2733\"><strong data-start=\"2620\" data-end=\"2645\">Inteligentno grejanje<\/strong>: Sistem koji samostalno odr\u017eava \u017eeljenu temperaturu i ravnomerno raspore\u0111uje toplotu.<\/p>\n<\/li>\n<li data-start=\"2734\" data-end=\"2846\">\n<p data-start=\"2736\" data-end=\"2846\"><strong data-start=\"2736\" data-end=\"2768\">Velika energetska efikasnost<\/strong>: Zahvaljuju\u0107i optimizovanom protoku vru\u0107eg vazduha, \u0161tedi energiju i vreme.<\/p>\n<\/li>\n<li data-start=\"2847\" data-end=\"2946\">\n<p data-start=\"2849\" data-end=\"2946\"><strong data-start=\"2849\" data-end=\"2873\">Pode\u0161avanje programa<\/strong>: Mogu\u0107nost pode\u0161avanja tajmera i temperature za razli\u010dite tipove jela.<\/p>\n<\/li>\n<li data-start=\"2947\" data-end=\"3028\">\n<p data-start=\"2949\" data-end=\"3028\"><strong data-start=\"2949\" data-end=\"2977\">Automatsko isklju\u010divanje<\/strong>: Sigurnosni mehanizam \u0161titi ure\u0111aj od pregrevanja.<\/p>\n<\/li>\n<\/ul>\n<h3 data-start=\"3035\" data-end=\"3087\"><strong data-start=\"3039\" data-end=\"3087\">Kapacitet koji olak\u0161ava porodi\u010dne obroke<\/strong><\/h3>\n<p data-start=\"3089\" data-end=\"3159\">Sa stvarnim kapacitetom od <strong data-start=\"3116\" data-end=\"3129\">11 litara<\/strong>, ova friteza mo\u017ee pripremiti:<\/p>\n<ul data-start=\"3161\" data-end=\"3291\">\n<li data-start=\"3161\" data-end=\"3174\">\n<p data-start=\"3163\" data-end=\"3174\">Celo pile<\/p>\n<\/li>\n<li data-start=\"3175\" data-end=\"3197\">\n<p data-start=\"3177\" data-end=\"3197\">Do 1 kg krompiri\u0107a<\/p>\n<\/li>\n<li data-start=\"3198\" data-end=\"3216\">\n<p data-start=\"3200\" data-end=\"3216\">Porodi\u010dnu picu<\/p>\n<\/li>\n<li data-start=\"3217\" data-end=\"3261\">\n<p data-start=\"3219\" data-end=\"3261\">Ve\u0107u koli\u010dinu grilovanog povr\u0107a ili mesa<\/p>\n<\/li>\n<li data-start=\"3262\" data-end=\"3291\">\n<p data-start=\"3264\" data-end=\"3291\">Su\u0161eno vo\u0107e za celu nedelju<\/p>\n<\/li>\n<\/ul>\n","protected":false},"excerpt":{"rendered":"<p>Digitalna vi\u0161enamenska friteza bez ulja &#8211; Air fryer zapremine 15L sa ekranom na dodir i staklenim prozorom. Pogodna za pr\u017eenje, pe\u010denje, grilovanje i su\u0161enje \u2013 bez ulja i bez masti. Idealna za porodice do 6 osoba.<\/p>\n","protected":false},"featured_media":12047,"comment_status":"open","ping_status":"closed","template":"","meta":[],"product_brand":[],"product_cat":[71],"product_tag":[],"class_list":{"0":"post-12042","1":"product","2":"type-product","3":"status-publish","4":"has-post-thumbnail","6":"product_cat-sve-za-kucu","8":"first","9":"instock","10":"shipping-taxable","11":"purchasable","12":"product-type-simple"},"_links":{"self":[{"href":"https:\/\/vendorshop.rs\/index.php\/wp-json\/wp\/v2\/product\/12042","targetHints":{"allow":["GET"]}}],"collection":[{"href":"https:\/\/vendorshop.rs\/index.php\/wp-json\/wp\/v2\/product"}],"about":[{"href":"https:\/\/vendorshop.rs\/index.php\/wp-json\/wp\/v2\/types\/product"}],"replies":[{"embeddable":true,"href":"https:\/\/vendorshop.rs\/index.php\/wp-json\/wp\/v2\/comments?post=12042"}],"version-history":[{"count":2,"href":"https:\/\/vendorshop.rs\/index.php\/wp-json\/wp\/v2\/product\/12042\/revisions"}],"predecessor-version":[{"id":12049,"href":"https:\/\/vendorshop.rs\/index.php\/wp-json\/wp\/v2\/product\/12042\/revisions\/12049"}],"wp:featuredmedia":[{"embeddable":true,"href":"https:\/\/vendorshop.rs\/index.php\/wp-json\/wp\/v2\/media\/12047"}],"wp:attachment":[{"href":"https:\/\/vendorshop.rs\/index.php\/wp-json\/wp\/v2\/media?parent=12042"}],"wp:term":[{"taxonomy":"product_brand","embeddable":true,"href":"https:\/\/vendorshop.rs\/index.php\/wp-json\/wp\/v2\/product_brand?post=12042"},{"taxonomy":"product_cat","embeddable":true,"href":"https:\/\/vendorshop.rs\/index.php\/wp-json\/wp\/v2\/product_cat?post=12042"},{"taxonomy":"product_tag","embeddable":true,"href":"https:\/\/vendorshop.rs\/index.php\/wp-json\/wp\/v2\/product_tag?post=12042"}],"curies":[{"name":"wp","href":"https:\/\/api.w.org\/{rel}","templated":true}]}}